)) + -3 + 6.
7
What is the value of -2 - (2 + 0 - 4)?
0
Calculate (-1 - -2) + -3 - -6.
4
Evaluate 10 + (9 - (4 + 5)).
10
What is the value of 8 + -1 + 7 + -3 + -7?
4
What is the value of (-15 - -7) + 1 + 11?
4
Calculate (-4 - 0) + -3 + 3 + 8.
4
What is the value of (-3 - -2) + (12 - (7 - 4))?
8
Calculate 5 + 15 + -10 - 12.
-2
Calculate (-1 - (4 + -5)) + (3 - 1).
2
Evaluate (4 - -4) + -5 - 4.
-1
Evaluate 10 + (-15 - -7 - -2).
4
What is the value of (1 - 0 - (2 + -1)) + 0?
0
-5 + (-2 - (-3 - -2))
-6
Evaluate 1 - (-7 + (4 - 7) - -5).
6
Calculate 2 - (0 + 1 - -1) - -2.
2
What is the value of -1 - (2 + 3 + 1 + -7)?
0
What is -2 + 3 + 2 - (2 - -1)?
0
Evaluate (6 - 5) + -4 - -4.
1
What is -2 + (2 - -3) - (13 + -8)?
-2
What is the value of -4 + 5 + 0 - 5?
-4
Calculate (0 - 2) + -20 + 23.
1
What is the value of (-5 - -1) + 28 + -28?
-4
What is the value of -5 + 7 + -2 + -15 + 10?
-5
What is the value of 2 - (4 + -3 + 2 - -1)?
-2
Calculate -6 - (-3 - (11 - 8)).
0
What is the value of 0 + 0 + -2 + (-5 - -9)?
2
-1 - (-6 - -14 - 1 - -2)
-10
What is -2 + -2 + (2 - -3)?
1
What is -2 + -1 - (2 - (-12 + 11))?
-6
Evaluate -4 + -2 + (-4 - -8).
-2
What is 4 - (0 - 0 - (-11 - -7))?
0
What is the value of -6 - (3 + 2 - 7)?
-4
Evaluate 2 + -3 - (9 + -14).
4
What is -2 - (6 - 2) - (11 + -11)?
-6
What is -19 + 6 + (2 - 5) + 8?
-8
What is 2 + 1 + -4 + 7 + -7?
-1
What is -2 - (-5 - (-6 + 5)) - 4?
-2
Evaluate 1 + 0 - (29 + -23).
-5
(4 - -2) + -2 - (6 - 2)
0
What is the value of 0 - (2 + 6 - (1 + 4))?
-3
Evaluate 1 + -3 - (-3 + -7 + 5).
3
What is (5 + -2 - 0) + 2?
5
6 + 0 + 1 - (-16 + 19)
4
What is (6 - 8) + -1 - 4?
-7
What is 1 + (-2 - (-5 - -4) - 2)?
-2
What is 11 - (9 - (-4 + -1))?
-3
What is the value of -2 + 3 + (-8 - (-2 - 0))?
-5
Calculate 4 - (-6 - (3 + -9)).
4
-5 + 1 - (-3 - 3)
2
What is (-4 - 0 - (12 + -16)) + 0?
0
What is the value of 3 + (0 - (7 + -1 - 0))?
-3
Calculate (0 - 3) + (-21 - -18).
-6
Evaluate 3 - (4 + -6) - (-2 + 8).
-1
Calculate 11 - (8 + 4 + -4).
3
Evaluate -3 - (-3 + 2) - (4 - 10).
4
Evaluate 9 + -1 - (3 + 0) - 6.
-1
What is 2 + (4 - 9 - -9) + -2?
4
4 - 3 - (-5 + 1)
5
What is -1 + 0 + -1 + -3?
-5
Evaluate (-1 - -2) + (-5 - -7).
3
Evaluate 6 + -2 + -5 - 4.
-5
What is -1 + 4 + -5 + 1 + 0?
-1
What is -35 + 34 + (0 - 1 - -5)?
3
Evaluate 4 + (0 - 8) - -4.
0
Calculate -3 + (-3 - -1 - (-6 - -6)).
-5
Evaluate (-139 - -138) + 0 + -4.
-5
Evaluate 3 + (-4 - 8) + 11.
2
What is -1 - -1 - (-1 + -1)?
2
-9 - ((2 - 16) + 1)
4
What is (14 - 1) + -11 - (4 + 1)?
-3
Calculate -1 + -6 - (2 + -6).
-3
2 - (2 - 2) - -3
5
Calculate (3 - 4 - 8) + 6.
-3
What is the value of -16 + (-4 - -3 - -5) - -5?
-7
What is 2 - -1 - -1 - 9?
-5
What is 3 + -1 + (-9 - -3) - -3?
-1
What is the value of -5 + 6 + -8 + 3 - 2?
-6
Calculate (-7 - -3) + 0 + 3.
-1
Evaluate 7 + (5 + -10 - 2 - -8).
8
Calculate -7 + 0 - (0 + (-10 - -6)).
-3
What is 16 + -24 - 1 - (-6 + 0)?
-3
Evaluate (3 + 2 - (-3 - -8)) + 4.
4
What is (2 - 1) + 2 + -4 + -4?
-5
What is 5 + (-2 - (-2 + 5) - -5)?
5
3 - (-4 + 3) - 4 - 0
0
Calculate 0 + 0 + -4 + 12 + -3.
5
What is 6 + 0 + -4 + (-5 - 4)?
-7
Evaluate (3 - -1 - 0) + -8.
-4
(5 + -2 - -2) + -6 + 0
-1
What is 9 - (-4 + 2 + 10)?
1
13 - (-3 - 1) - 13
4
Calculate 16 + -4 - (38 - 31).
5
Calculate -11 + (12 - 0) - -2.
3
6 - (-5 + (12 - -4))
-5
What is the value of 2 - -3 - 4 - 7?
-6
Evaluate -4 + (2 - 0) + -3.
-5
3 + (2 + (2 - 1) - 10)
-4
What is the value of -2 - (-2 - 4 - -1)?
3
(-8 - (-25 - -11)) + -2
4
-2 - -4 - (-2 - -2)
2
0 + (4 - 1) - (4 - 0)
-1
What is the value of (6 + -2 - 1) + 0?
3
What is 3 + 1 + 1 - (3 + 2)?
0
Evaluate (-5 - (0 + (-5 - 1))) + 5.
6
Calculate (-1 + 1 - -7) + (-105 - -99).
1
What is (-130 - -128) + 8 + 0?
6
What is 27 + -36 + 0 + (4 - 1)?
-6
Calculate (9 - 4) + -1 + 4 + -4.
4
Calculate 0 + 1 - 15 - (-26 + 19).
-7
What is -1 - 5 - (2 + -3)?
-5
Calculate 1 + -1 + 18 + (-38 - -14).
-6
Evaluate 8 + (-8 + (0 - -5) - 1).
4
Calculate -9 + 10 + -8 + 0.
-7
What is 11 + (10 - 20) + 1 + 4?
6
6 + (-4 - (4 + -8))
6
What is the value of 0 - -6 - (-2 - (-9 - -4))?
3
Evaluate 0 + 0 + 6 + 8 + -12.
2
Evaluate -4 + (1 - 1) + 3 + -3.
-4
Calculate 0 + 10 - (8 + (12 - 15)).
5
What is -1 - ((0 - -2) + -6 + 2)?
1
What is the value of (-9 - -8) + (3 - 0) + 2?
4
Evaluate 4 + 0 + (7 - 7).
4
What is the value of -14 + 10 - (-7 + -2 + 6)?
-1
Evaluate -3 - 0 - -3 - (8 + -8).
0
What is the value of -2 + 1 + (-13 - -11) - -3?
0
Evaluate 4 + -8 + (-4 - -4) - -6.
2
-2 - (-1 + 0 - 4)
3
What is -3 + (1 - (-3 + 0 + -2))?
3
What is the value of 4 + -1 + -4 + -1?
-2
1 - ((10 - 8) + -3 + 3)
-1
What is (-2 - (11 - 19)) + -7?
-1
What is -5 + 2 + 2 - -3 - 1?
1
What is -5 + -1 - (-2 + (1 - 1))?
-4
What is the value of (23 - 13) + -3 + -4?
3
What is -1 - (1 - (-1 + -1 + 2))?
-2
Calculate 13 - 6 - (4 + -1).
4
(7 - 0) + 41 + -44 - 12
-8
Evaluate 0 + (-1 - 5 - 1) + 7.
0
Evaluate 19 + -18 + (-2 - (-5 + 1)).
3
Calculate 8 + 1 - (-3 + 7).
5
Evaluate (-31 - -35) + (-12 - -2).
-6
What is the value of 22 + -13 + -5 - 1?
3
Evaluate 1 + -4 + 1 + 0.
-2
What is 2 + (-1 - (4 + 0)) + 2?
-1
What is the value of 0 + -3 - (1 + -2)?
-2
Calculate (-7 - (0 + -1)) + 1.
-5
What is the value of 0 + 1 + (0 - (-2 + 3))?
0
What is -3 + 7 + -3 + 3?
4
What is the value of -4 + 2 + 6 - 2?
2
What is the value of -5 + (1 - (-11 + (8 - 2)))?
1
Evaluate -3 + (4 - (6 - 8)).
3
What is the value of 8 + -5 + -1 - (1 - 1)?
2
(-8 - -6 - -5) + 3 + -14
-8
What is the value of -8 + -3 + 1 + 7?
-3
What is -21 + 21 + (-4 - 1)?
-5
Evaluate (1 - 4) + (-17 - -30).
10
What is the value of 5 + (-4 + (7 - 1) - 4)?
3
Calculate -19 - -21 - (-3 + 2) - 0.
3
What is the value of 10 + (-5 - 2) - (0 - 0)?
3
Calculate -24 + 25 + (-1 - 0) + 2.
2
Calculate 0 - (4 + (-3 - (-9 + 5))).
-5
What is -1 + 3 + 0 + (-4 - 3)?
-5
What is 2 - 2 - (-6 + 11 + -8)?
3
-3 + (-4 - (1 - 1))
-7
What is the value of -21 - -6 - (-5 + 3 - 5)?
-8
Calculate 1 + 4 + -4 - (-7 - -1).
7
Calculate (-3 - ((0 - 7) + -1)) + -3.
2
(2 - 3 - -4) + 2 + -1
4
Calculate 13 + (2 - 2) + -6 - 2.
5
What is the value of 0 - (2 + (0 - (1 - 0)))?
-1
What is 4 + -7 + 4 + (2 - -1)?
4
Evaluate -4 - (6 - (-1 - -10)).
-1
What is 0 + -5 + -1 + -1?
-7
Calculate (-6 - -6) + (-1 - -2).
1
15 - -1 - (-23 + 31)
8
Evaluate -1 + -3 - (-50 + 52).
-6
Calculate (9 - 10) + 1 + -2.
-2
1 - (-15 - -11 - 2)
7
What is the value of -17 + 10 - (-5 + 0)?
-2
What is -3 + -3 + (6 - 1) + -3?
-4
Calculate -9 + (8 - 4 - (4 - 5)).
-4
(6 + -2 - -1 - 6) + -5
-6
What is the value of (5 + -5 - 1 - 3) + 4?
0
Calculate (20 - (19 + -4)) + (-1 - 6).
-2
Evaluate 2 - (12 - 22) - 4.
8
What is (5 - -1 - -1) + -7?
0
What is the value of (-3 - -4) + (9 - 3)?
7
Calculate -4 + (0 - (-1 - 0)).
-3
Calculate 46 - 41 - (1 + 5).
-1
-3 - (3 + 1 + -2)
-5
Evaluate (-6 - -5 - 0) + (-1 - -3).
1
4 + -7 - (5 + -3)
-5
What is 5 + -4 + 3 + -1 - 9?
-6
Evaluate 5 - (2 + 10 + -3).
-4
What is -5 + -5 + (-4 - -9) + -2?
-7
Evaluate -2 - 0 - (10 - 12).
0
Evaluate (13 - 1) + 174 + -183.
3
Evaluate -1 + (3 - (0 + 7)).
-5
What is the value of 0 + 4 - (9 - (7 + -6))?
-4
What is the value of (3 - 1 - 2) + 2?
2
Calculate -1 + 1 + 9 + 2 + -6.
5
What is the value of 7 + (-3 - -1) + -1?
4
Calculate -1 - (3 + (-4 - -5)) - 1.
-6
-2 - (2 + -1) - (22 - 28)
3
Calculate 4 + (11 - (22 - 10)).
3
What is 4 - (-8 - (-6 + -1 + -12))?
-7
Calculate (5 - (-1 + 1)) + -8.
-3
Evaluate -1 + (-2 - -6) + (1 - 4).
0
What is the value of -2 - (5 + (-2 - 2))?
-3
What is the value of -1 - (1 + (1 - (0 + 1)))?
-2
Evaluate -9 + (7 - 0) + -7.
-9
What is (1 - -2) + (-1 - 1)?
1
(5 - (7 + -5)) + -5 + 1
-1
What is the value of -1 + -10 + 2 + 5 + 1?
-3
What is the value of 9 - (14 + -3 - 2)?
0
What is 1 - (5 + (-6 - -6))?
-4
What is the value of (13 - -3) + -25 - (-1 - -1)?
-9
Evaluate 254 - 239 - (11 + 1).
3
What is the value of ((1 - 0) + 1 - -1) + -2?
1
What is the value of 4 + (-3 - 3) + 3 + 2?
3
What is -5 - (2 + -5 - 0)?
-2
Evaluate 14 - 6 - 16 - -7.
-1
What is -6 + 11 + -2 + (-5 - -5)?
3
What is the value of (7 - (1 - 1 - -7)) + 3?
3
Calculate 6 + -13 + (12 - 10).
-5
What is -7 + 13 + (-4 - -2) - 8?
-4
What is the value of -2 + 1 + (38 - 37)?
0
Evaluate -2 + 1 + -3 + 5.
1
What is -4 + 9 + (3 - 4)?
4
Evaluate -7 + 3 + -7 + 12.
1
What is 2 - (-2 + 7) - (-1 - -1)?
-3
2 - (4 - 2) - (0 + 5)
-5
What is -6